3/(1 - 4) + 2 + 2. Let n(a) = -a**3 + 6*a**2 - a - 3. Give n(o).
21
Let p(x) = -1. Let j be (14/(-21))/((-3)/(-9)). Let k(y) = y**3 + 6*y**2 - 8*y - 6. Let h be k(-7). Let g(q) = -4*q - 3. Let i(u) = h*g(u) + j*p(u). Give i(-2).
7
Suppose 0*v = v - 8. Let x(h) = -h + 13. Let a be x(v). Let o(d) be the first derivative of -d**4/4 + 5*d**3/3 + 4*d - 3. Calculate o(a).
4
Let s(z) = -z - 10. Let u(m) = -m - 17. Let o(r) = -5*s(r) + 3*u(r). Let x(p) = -p**2 + 3*p - 2. Let n be x(-3). Let f be (-11)/(-5) + 4/n. Calculate o(f).
3
Let r(y) = 136*y + 407. Let l be r(-3). Let k(o) = -o**2 - 1. Let i(m) = 7*m**2 + 3. Let z(t) = i(t) + 4*k(t). Give z(l).
2
Let o be -14 - 3285/(-105) - 2/7. Let y(c) = 2*c - 9. Determine y(o).
25
Suppose -2*x + 10 = -0*x. Let j(v) = v**3 + 3*v - v + x + 0*v**3 - 7*v**2 + v**2. Suppose 3*i - 2*r - 35 = 3*r, -r = -i + 9. What is j(i)?
-10
Let z = 115 - 124. Let i(s) = -s**2 - 8*s - 2. Calculate i(z).
-11
Let p(i) = -2*i - 20. Let t be p(-11). Let q(o) = -1 + 4*o - 2 - o**t - 9*o. Calculate q(-2).
3
Let g(s) be the second derivative of -s**5/4 - s**4/6 + s**2/2 - s - 20. Let j = 3 - 0. Let o be j/(-6) - (-2)/(-4). Give g(o).
4
Suppose 2*x - y - 23 = 0, 6 - 35 = -x + 4*y. Let q(t) = -51*t + 27*t - x + 19*t + t**2. Give q(7).
5
Let j(f) = -f**2 + 6*f**2 + 326*f + 2 - 318*f - f**3. Determine j(6).
14
Let i(z) = -3*z**3 + 9*z**2 + z. Let c(x) = 8*x**3 - 26*x**2 - 3*x + 1. Let p(b) = -4*c(b) - 11*i(b). Let m = -525 - -522. Calculate p(m).
11
Let q(s) = -8*s**3 + s**2 - 2*s - 3. Let b(u) = -15*u**3 + u**2 - 3*u - 5. Let k(c) = 3*b(c) - 5*q(c). Suppose 55*j - 3 = 52*j. Give k(j).
-6
Let n(b) = b**2 - b - 3. Let r(j) = -2*j**2 - 3*j + 9. Let m(k) = 3*n(k) + r(k). Give m(3).
-9
Let v(l) = l**3 - 4*l**2 - 8*l. Let x = 1971 + -1965. Determine v(x).
24
Suppose -33*h + 37 + 29 = 0. Let x(r) = 3*r**2 + 3*r - 3. Determine x(h).
15
Suppose -2*r - 18 = -6. Let l(v) be the first derivative of -5*v**2/2 - 8*v - 82. Let o(j) = -4*j - 7. Let x(n) = r*o(n) + 5*l(n). What is x(2)?
0
Let i(b) = 7*b**2 + 3*b + 8. Let y(n) = 6*n**2 + 3*n + 7. Let a(c) = -c**3 - 7*c**2 + 5. Let h be a(-7). Let d(p) = h*i(p) - 6*y(p). Give d(-3).
-2
Let m(c) = 1450 + 6*c + 4*c + c - 1468. Calculate m(2).
4
Let c(d) = -d**3 + 6*d**2 - 5*d - 7. Suppose -5*q - 3*n + 5 = -20, -4*n + 20 = 4*q. Determine c(q).
-7
Let q(p) be the second derivative of -p**3/2 - p**2 - 130*p. Calculate q(5).
-17
Suppose -4*k + 16*u - 12*u = 12, k + 3*u + 11 = 0. Let c(b) = -b**3 - 6*b**2 - 6*b - 4. Calculate c(k).
1
Let z(s) = -s**2 + 8*s - 6. Let o(h) = 38*h**2 + 3*h + 4. Let k be o(-2). Let u = k - 102. Suppose d - 7*d = -u. What is z(d)?
-6
Let c(m) = m**2 + 11*m + 20. Let l be c(-10). Let a be 24/30 - 28/l. Let y be -2 + 3 - (2 + a). Let w(d) = -d**3 + 2*d**2 - d + 1. Determine w(y).
1
Let z(o) = 8*o - 9. Suppose 13 = 3*k + 4*q, 3*k - 44*q - 27 = -41*q. What is z(k)?
47
Let w(a) be the second derivative of 0*a**2 - 1/6*a**4 + 1/120*a**5 + 0 - 5*a - 1/6*a**3. Let q(v) be the second derivative of w(v). Give q(5).
1
Let w(r) = r**2 + 5*r - 3. Let s = -14 - -16. Suppose -2*b = -2*k - 6*b + s, 5*k + 19 = -2*b. Give w(k).
-3
Let u(d) be the third derivative of -2*d**2 + 0 + 1/120*d**6 - 1/3*d**3 + 11*d + 1/10*d**5 + 5/24*d**4. Give u(-5).
-2
Let r(a) = -2*a + 4. Suppose 14 = -5*p - 26. Let q = p - -13. Calculate r(q).
-6
Let j(a) be the second derivative of -7*a**4/12 - a**3/6 + a**2/2 + 2*a + 92. Suppose 2*h + 3*h + 17 = 3*z, 0 = -5*h - 5. Suppose 4*l + 0 = z. What is j(l)?
-7
Suppose -2*y + 11 = 5. Suppose k - 5 = -y. Let n(c) = -4*c. Determine n(k).
-8
Let h = 0 - 4. Let w(o) be the first derivative of -2*o**3/3 - 5*o**2/2 + 174. Calculate w(h).
-12
Suppose -2*t - 5 = 3*t, 5*i + 5*t = -100. Let o = 16 + i. Let w(f) = f**2 + 2*f - 3. Determine w(o).
0
Let n be (6 + (-138)/24)*-20 - -2. Let i(j) = -3*j + 11. Calculate i(n).
20
Let f = -10 - -8. Let l be (240/(-100))/((-2)/(-10)*f). Let a(c) be the first derivative of c**4/4 - 7*c**3/3 + 3*c**2 + 1. Give a(l).
0
Let d(o) be the second derivative of o**5/20 - o**4/4 + o**2/2 - 2*o. Let t be ((-171)/(-114))/(((-6)/8)/1). Determine d(t).
-19
Let m(n) = -7*n + 4 - 5 + 5*n**2 + 5 - 1. Let g(j) = 3*j**2 - 3*j + 2. Let o(d) = 7*g(d) - 4*m(d). Give o(-8).
10
Suppose -15*c = 66 - 51. Let w(q) be the second derivative of -7*q**5/20 + q**4/6 + q**3/6 + 3*q. Give w(c).
8
Let r(p) = p**2 + 10*p + 13. Suppose 3*t + 2*g + 35 = 0, 7*t + 2*g - 37 = 12*t. Calculate r(t).
4
Let l(j) be the second derivative of -j**3/6 - 9*j**2/2 - 2*j. Let c(s) = -s**2 + 4*s + 5. Let a be c(5). Determine l(a).
-9
Let w(y) = -y**3 + 11*y**2 + 12*y - 4. Let u be w(12). Let j(d) = -d**3 - 4*d**2 + 2*d + 6. Give j(u).
-2
Let l(k) = k**2 + 5*k + 1. Let y be l(-5). Let t(h) be the second derivative of 0 - 1/12*h**4 + 10*h + 1/5*h**5 + 1/6*h**3 - 1/2*h**2. Give t(y).
3
Let p be -5*(2 - 8)/((-15)/2). Let a(l) = -5*l**3 + 5*l**2 - 4*l + 14. Let r(d) = 6*d**3 - 6*d**2 + 5*d - 14. Let m(h) = p*r(h) - 5*a(h). Give m(0).
-14
Let m = -71 + 73. Suppose -n + 3 = m. Let t(c) = c**2 + c + 1. Let w(u) = -2*u**2 - 4*u - 2. Let q(a) = 3*t(a) + w(a). What is q(n)?
1
Let h be 159/(-3) + (5 - 3). Let y = 45 + h. Let u(r) = -3 + 3 - r. What is u(y)?
6
Let n(c) = -230 - 5*c**2 + 3*c**3 + 246 - 2*c**3 - c - c. Let g be n(5). Let s(q) = 5 - q - 3*q + 3*q. Determine s(g).
-1
Let u(t) = -t**2 + 3*t - 1. Let p = -47 - -27. Let r = p - -13. Let b be (-3)/6*(r - -1). Determine u(b).
-1
Let n(d) be the second derivative of d**4/2 - 3*d**2/2 - 189*d. Determine n(2).
21
Let y(r) be the third derivative of -r**6/120 + r**5/15 - r**4/12 - r**3/6 + 174*r**2. Give y(5).
-36
Let f = -73 + 74. Let t(y) = 9*y**2. Give t(f).
9
Let h be (-6)/2 - (-5 - 2). Let z(r) = 3*r - h*r + 3 - 3. Calculate z(-2).
2
Let w(a) = 2*a**3 - a**3 + a**2 - 16 + 4 - a. Let j = -688 + 688. Calculate w(j).
-12
Let b = -163 + 177. Let n(c) = -c**3 + 13*c**2 + 15*c - 10. What is n(b)?
4
Let p(h) = -3*h**3 + 0*h**2 + h**2 + h**3 + 4*h**3. Let x be -3 + 2 + (-3 - -4). Suppose a + x*a + 1 = 0. Give p(a).
-1
Let h(c) be the third derivative of c**6/120 + 2*c**5/15 + c**4/12 + 8*c**3/3 - 13*c**2. Let w be h(-8). Let x(m) = m + w + 3 + 8 - 8. Calculate x(-9).
-6
Let r(a) = 10*a**3 + a**2 - 1. Let s be 3/1 + -2 + 1. Let x = s - 2. Suppose -m = l - 4, 2*m = -l - x + 3. Determine r(m).
-10
Suppose 18*k - 25*k = -42. Let x(i) = -5*i - 5 - 5 + i**2 + 5. What is x(k)?
1
Let c(i) = 6*i + 6. Let y(j) = -2*j**2 - 15*j + 25. Let a be y(-9). What is c(a)?
-6
Let o(s) = -4 + 2*s + 2*s**3 + s**2 - 5 + 10 + 0*s**2. Give o(-1).
-2
Let p(b) be the second derivative of -b**5/20 + 3*b**4/2 + 19*b**3/3 + 43*b**2/2 - 504*b. What is p(20)?
3
Let p(f) = 5*f + 513*f**2 - 8*f - 514*f**2 + 6*f - 5. Calculate p(-4).
-33
Let o = 50 - 43. Let v(r) = -3*r + 19. Let j be v(o). Let b(s) = 2*s + 3. What is b(j)?
-1
Let x = 45 + -48. Let j(h) be the first derivative of h + 1/4*h**4 + 8 + 5/3*h**3 + 2*h**2. Determine j(x).
7
Let m(l) = -3*l - 21. Let c = 16 + -25. Calculate m(c).
6
Let l(s) be the first derivative of -s**4/4 + 2*s**3 - 3*s**2/2 + s + 1437. Suppose -2*t - 2 = 0, -5*t = 2*r - 2*t - 7. Calculate l(r).
11
Suppose 3*m = 2*m - 35. Let d = m + 28. Let p(r) = -r**3 - 6*r**2 + 8*r + 10. Determine p(d).
3
Suppose 0 = 2*k - 3*p - 19, 23 = -k - 0*p - 5*p. Let y(g) = 4*g - g + 5 - g + 2*g**k - 3*g**2. What is y(4)?
-3
Let l(c) = 4*c - 3. Suppose 4*d - 426 = 2*j, -5*j + 115 = -4*d + 556. Let u = d + -102. Determine l(u).
5
Suppose 5*m - 3*y - 21 = m, -3 = -2*m - y. Let g(v) = -18*v**3 - v + 17*v**m + 5 - 7*v**2 + 0. Determine g(-7).
12
Let o(w) = -w**3 - w**2 + 4. Let c(k) = k**2 - 17*k + 19. Suppose -s + 75 = 4*s. Let d be c(s). Let b = d + 11. Calculate o(b).
4
Let w(i) = 2*i**2 - 10 - 376*i + 23 - i**2 + 365*i. Determine w(9).
-5
Let d(k) = k**2 - k. Suppose -7 = c - 12*f + 8*f, 2*c + 3*f = 19. Suppose -r - c = 2*h, 0 = 2*h - 0*h + 3*r + 3. What is d(h)?
12
Let c(p) = p**3 + 7*p**2 + 6*p + 3. Let q be c(-5). Let l(u) = -52*u + 30*u - 1 + q*u. Let o be (1/2)/(4/(-56)). Determine l(o).
-8
Let s(p) = 336*p - 340*p + 6 - 14. What is s(-4)?
8
Let r = -838 - -836. Let f(l) = l**3 + l**2 + l + 1. Determine f(r).
-5
Let s(n) = 1 - 4*n - 2 + n + 3. Let k(u) = -10*u + 5. Let o(i) = -3*k(i) 